v - 0*z, -2*z = -8. What is the units digit of v?
7
What is the units digit of 3*92 + 0 + -2?
4
Suppose m = -3*m - 2*o - 16, 4 = -m - 4*o. Let u = m + 10. What is the units digit of u?
6
Suppose 19 = 3*c - n, -3*c + 2*c = -2*n - 13. Suppose 49 = c*z + 9. Suppose 2*m + 2*k - z = 0, k - 21 = -3*m - 7. What is the units digit of m?
5
Let m(r) = r**2 + 5*r + 2. What is the tens digit of m(6)?
6
Suppose 3*a = -4*p + 144, 0 = -0*a - 2*a - 5*p + 103. What is the units digit of a?
4
What is the units digit of (-2 - 2) + 3 + 12?
1
Suppose -m + 19 = 5. What is the tens digit of m?
1
Suppose 3*v = -19*v + 8184. What is the units digit of v?
2
What is the tens digit of (-280)/(-24) + (-1)/(-3)?
1
Let r(q) = q**3 + 9*q**2 + 7*q + 1. Let p be r(-8). What is the units digit of (6 - 0)/(p/12)?
8
Suppose 2*l - 3 = -l. Let r be -2 + (5 - l) - -2. Suppose h = r - 3. What is the units digit of h?
1
Let n(d) = -d**2 - 8*d + 12. Let z be n(-9). Suppose 3*j - 3 = -z*i + 6, 0 = 3*j - i - 5. What is the units digit of j?
2
Suppose 0 + 2 = k. Suppose -5 = 3*y + k*y. Let i(o) = o**2. What is the units digit of i(y)?
1
Suppose t = 4*j - 2, 88 = -7*t + 3*t - 4*j. Let g = t + 28. What is the tens digit of g?
1
Let w = 13 - 10. Suppose s - p = -4*p + 42, -w*s + 3*p = -126. Suppose -4*i - 14 + s = 0. What is the units digit of i?
7
Let k = -543 - -782. What is the tens digit of k?
3
Suppose 0 = -0*f + 4*f - 48. Suppose -f = -2*l + 12. What is the tens digit of l?
1
Suppose -7*l + 23 = -2*l + 4*w, -3*l + 9 = 4*w. Suppose -4*k + 27 = l. What is the units digit of k?
5
Let t(l) = l - 2. Suppose 0 = y - 6. Let h be t(y). What is the units digit of (-1)/2*(-56)/h?
7
Let d(q) = 3*q. Let z be d(-2). Let g = z - -10. Suppose 0 = 2*s - g - 8. What is the units digit of s?
6
Suppose 37 = 5*z - 33. Let r = 33 - z. What is the tens digit of r?
1
Let u(s) = -2*s**3 + 21*s**2 - 2*s - 16. What is the units digit of u(10)?
4
Let q be 1/(-4) + (-915)/(-12). Suppose 4*v = 2*h - q, v - 2*h + 19 = -6*h. Let j = 31 + v. What is the tens digit of j?
1
Let x be 2/5 + 248/5. Suppose 6*v - v - x = 0. Let g = v - -2. What is the units digit of g?
2
Suppose -2*r - 4 = -5*p, -2*p + 21 = 5*r + 2. Suppose b + 1 = -p. What is the units digit of (2 + 0)/(4 + b)?
2
Suppose 158 = 5*u - 57. What is the units digit of u?
3
Let w = 3 - -98. What is the tens digit of w?
0
Let s(g) = -4*g + 1. Let p be s(3). Let t = -1 + 1. What is the units digit of t/(-1) - (p + 1)?
0
Suppose 267 = f + 2*f. Let w be 2/(f/29 + -3). Let j = w - 14. What is the units digit of j?
5
Let y be (-1 - -1 - 0) + 3. Suppose -2*f - 7 = y*m + 5, -5*f = -3*m - 12. Suppose 0 = -f*d + 2*d - 4. What is the units digit of d?
2
What is the units digit of 104/12 - 2/3?
8
Let i(n) = n**2 - 8*n + 5. Let j be i(8). Let x(l) = -l**3 + 6*l**2 + 3*l - 5. What is the units digit of x(j)?
5
Let i = -31 + 49. What is the tens digit of i?
1
Let o = -8 - -5. Let u = o - -6. Let x = 8 - u. What is the units digit of x?
5
Let u(x) = -5*x**2 - 1 + x**3 + 0*x - 3*x**2 - x + 3*x. What is the tens digit of u(8)?
1
Let o(s) = -s**3 + 5*s + 2. Let h be o(-3). Let w(p) = -2*p**2 + 2. Let x be w(-2). Let l = x + h. What is the units digit of l?
8
Let a = 34 - 21. Let p = 38 - 21. Suppose -5*s + p = -a. What is the units digit of s?
6
Suppose 62 = 4*n - 122. What is the tens digit of n?
4
Let b(f) = 20*f - 1. Let v be b(5). Let p = v + -67. What is the units digit of p?
2
What is the tens digit of 25 + (7 - 4)*1?
2
Let n(a) = a**3 + 7*a**2 + 8. Let b be n(-7). Suppose 4*c = -2*v - v + 15, v = -c + 4. Let p = b - c. What is the units digit of p?
5
Suppose -3*t + 50 - 19 = -2*a, 28 = 3*t - 5*a. Suppose -19 = 2*n + 5*k + 15, -5*k = 20. Let w = n + t. What is the units digit of w?
4
Let s(i) = -i - 1. Let g be s(-2). Let f = g - 0. What is the units digit of f?
1
Let h(q) = q**3 - 8*q**2 - 10*q + 9. Let u be h(9). Suppose 3 = 3*k + a - u, -k + 1 = -2*a. What is the units digit of k?
1
Let s(a) = -a**3 - a**2 + 4*a - 1. Let u(m) = m - 1. Let d(o) = s(o) - 2*u(o). Let f be d(-2). Let t = f - 0. What is the units digit of t?
1
Let j = 28 - 20. Suppose -2 = -5*z + j. What is the units digit of (2 - 0 - z) + 6?
6
Let v(k) = k - 1. Let n(o) = o**3 - 7*o**2 - 6*o - 7. Let z be n(8). Let t be v(z). Suppose t = 2*r + 3*q - 15, -2*r = -q - 27. What is the tens digit of r?
1
Let a(q) = 3*q + 51. What is the tens digit of a(15)?
9
Let u(k) = k**3 + 2*k**2 - 3*k + 4. Let l be u(-3). Suppose 16 + 32 = 3*t. Suppose 3*f = 2*f - l*d - 3, -2*d = 4*f - t. What is the units digit of f?
5
Let t = 3 + 0. What is the units digit of 2/t*(-6)/(-4)?
1
Let n = 19 + -15. Let j = n + 0. What is the units digit of j?
4
Let v be 1/((1/4)/1). Let o be (-6)/v*(-2 - 0). Suppose 0 = -6*q + o*q + 18. What is the units digit of q?
6
Let f = -6 + 9. Suppose -f*i = 2*q + 1, 3*q - 5 = 3*i - i. What is the units digit of q?
1
Suppose -6*h + 0*h + 222 = 0. What is the units digit of h?
7
What is the tens digit of (-46)/3*9/(-6)?
2
Let l = -6 - -11. Suppose 3*q + 5 = j, -4*q = -j + 2*j - l. Suppose 5 = b - q*b. What is the units digit of b?
5
Let j = 158 - 109. What is the tens digit of j?
4
Suppose 5*o = -2*b + 152 + 13, 4*o = -5*b + 421. What is the units digit of b?
5
Let x be (-578)/(-8) + 1/(-4). Let r be 3/15 - x/(-15). Suppose -50 = -5*p + 3*h, -r*p + 15 - 5 = 5*h. What is the units digit of p?
7
Let n(r) = 2*r**2 - 9*r + 54. What is the tens digit of n(7)?
8
Let t be 184*(15/(-6))/5. What is the tens digit of t/(-6) + (-4)/12?
1
Suppose -m = 2*d - 18, -25 = -6*d + d. Suppose -m*a + 30 = -3*a. What is the units digit of (14/a)/(3/9)?
7
Let f be 31/4 - (-6)/24. Suppose 2*q - f = -2. What is the units digit of q?
3
Suppose 3*x - 34 = -5*m - 0*m, 5*x - 4*m + 5 = 0. Let c(y) = y**2 - 2*y + 1. Let f be c(x). Suppose 48 = -0*g + f*g. What is the units digit of g?
2
Let b(m) = m**2 - m. Let u be b(-1). Let k be 0 - 4/((-4)/u). Suppose -3*i + 11 = -k*i. What is the units digit of i?
1
Suppose -f + 0*c = 3*c - 20, f - 30 = -5*c. Let h(z) = -5*z. Let k be h(-1). Suppose -f*y = k*b - 30, -b - 2 = -6. What is the units digit of y?
2
Let i be (-5 + 3)*(-1)/1. Suppose -3*v - 5*c = -6*v + 66, -v - i*c + 22 = 0. What is the units digit of v?
2
Suppose 2 = -5*y + 12. Suppose 0 = y*l - 2 - 10. Suppose l*h + 6 = 3*m + h, 0 = -3*h. What is the units digit of m?
2
Let s = -563 + 921. What is the hundreds digit of s?
3
Suppose -4*y + 7 = p - 18, 0 = 3*p - 3*y. Suppose 2*n - 8 = -2, 72 = p*f + 4*n. What is the tens digit of f?
1
Suppose 0 = a + 3*a - 104. Suppose 0 = -s + 5*v - a + 4, 3*v = 3*s + 6. What is the units digit of s?
3
Let o = -529 - -281. What is the units digit of o/(-20) - 4/10?
2
Let v = 35 + -67. Let h = -15 - v. What is the units digit of h?
7
What is the tens digit of (3 + (-6)/4)*(37 - 1)?
5
Suppose -5*t + 1014 + 36 = 0. What is the units digit of t?
0
Suppose -2*d = -8 - 8. Suppose 10 - d = t. What is the units digit of t?
2
Suppose -9 = -4*j + 3*k, 3*j = 4*j - 3*k. Let c(f) = 4*f**2 - 3*f + 1. What is the tens digit of c(j)?
2
Suppose -w = 4*p - 3*w - 42, 3*w = 15. Suppose l + 1 = 3. Suppose -6*t = l*z - 4*t - 22, 2*t = 3*z - p. What is the units digit of z?
7
Let v(x) be the first derivative of x**3/3 + 3*x**2/2 - 4*x + 3. What is the units digit of v(3)?
4
Let z(s) be the first derivative of s**4/6 + s**3/6 - s**2/2 + 3*s + 2. Let y(f) be the first derivative of z(f). What is the units digit of y(-2)?
5
Let o = 13 + 4. What is the tens digit of o?
1
Suppose 10*l - 11*l = -48. What is the tens digit of l?
4
Let j(x) = -2*x**2 - 6*x - 6. Let v(d) = d**2 + d + 1. Let m(o) = -j(o) - 3*v(o). What is the units digit of m(3)?
3
Let h(v) = 5*v**3 + 2*v**2 - 1. Let c be h(-1). Let s be (3 - 1)*(c + 6). Suppose w - 49 = -s*k, -4*k - 5*w + w = -64. What is the tens digit of k?
1
Let y = -11 - -7. Let h be 1/(-2) - (-30)/y. Let d(p) = p**3 + 9*p**2 + 8*p + 2. What is the units digit of d(h)?
2
Suppose -3*l = 2*n - 14, 3*n - 8 = -n + 4*l. Suppose 0 = -n*g + 8 - 0. Suppose -o + 3 = -g. What is the units digit of o?
5
Suppose 4*d - 8 = 0, 0*i = -5*i + 3*d + 209. What is the units digit of i?
3
Let q(b) = 4*b - 3. Let m be q(2). Suppose -3*v + v + 39 = 3*y, 2*v + 65 = m*y. What is the units digit of y?
3
Suppose -y = 